s divided by 62335647?
0
What is the remainder when 1386187 is divided by 1386149?
38
What is the remainder when 17962 is divided by 5744?
730
What is the remainder when 804167 is divided by 7584?
263
Calculate the remainder when 2461374 is divided by 1230659.
56
What is the remainder when 24762063 is divided by 903?
900
Calculate the remainder when 2327917 is divided by 132.
97
Calculate the remainder when 13797057 is divided by 689852.
17
What is the remainder when 10897783 is divided by 129?
121
Calculate the remainder when 15571597 is divided by 400.
397
Calculate the remainder when 12815972 is divided by 800995.
52
What is the remainder when 579433 is divided by 580?
13
Calculate the remainder when 1381547 is divided by 885.
62
What is the remainder when 1044154 is divided by 2004?
70
What is the remainder when 4717971 is divided by 226?
221
Calculate the remainder when 4312805 is divided by 6967.
232
Calculate the remainder when 455934 is divided by 583.
28
What is the remainder when 573359 is divided by 63671?
320
Calculate the remainder when 9762340 is divided by 62579.
16
What is the remainder when 50148 is divided by 611?
46
What is the remainder when 213263 is divided by 5916?
287
What is the remainder when 7764 is divided by 2558?
90
Calculate the remainder when 56467727 is divided by 24734.
5
What is the remainder when 5532136 is divided by 1106427?
1
Calculate the remainder when 98118973 is divided by 505.
503
What is the remainder when 3103727 is divided by 8434?
15
What is the remainder when 24456828 is divided by 451?
0
Calculate the remainder when 15389923 is divided by 961870.
3
What is the remainder when 55536517 is divided by 1388412?
37
What is the remainder when 1350350 is divided by 1350335?
15
What is the remainder when 610918 is divided by 4459?
35
Calculate the remainder when 732995846 is divided by 211.
203
Calculate the remainder when 7039676 is divided by 97.
95
What is the remainder when 362026 is divided by 2?
0
What is the remainder when 5761200 is divided by 21497?
4
What is the remainder when 1856959 is divided by 6?
1
Calculate the remainder when 358427 is divided by 282.
5
What is the remainder when 400912 is divided by 398?
126
Calculate the remainder when 689360 is divided by 1634.
1446
What is the remainder when 570615 is divided by 5?
0
Calculate the remainder when 10077401 is divided by 234358.
7
Calculate the remainder when 14002811 is divided by 3500701.
7
Calculate the remainder when 114635 is divided by 57286.
63
What is the remainder when 1151977 is divided by 272?
57
Calculate the remainder when 428690 is divided by 165.
20
Calculate the remainder when 47878 is divided by 2264.
334
Calculate the remainder when 22095068 is divided by 780.
8
What is the remainder when 313294 is divided by 79?
59
What is the remainder when 2204980 is divided by 147?
127
What is the remainder when 454810 is divided by 90960?
10
Calculate the remainder when 47588351 is divided by 2881.
2874
What is the remainder when 7269810 is divided by 259636?
2
Calculate the remainder when 11675610 is divided by 1434.
1416
Calculate the remainder when 30432 is divided by 7576.
128
Calculate the remainder when 3030762 is divided by 3030754.
8
What is the remainder when 18367 is divided by 5705?
1252
Calculate the remainder when 40432189 is divided by 123.
121
Calculate the remainder when 51796 is divided by 5112.
676
Calculate the remainder when 3059367 is divided by 442.
285
What is the remainder when 79867 is divided by 2706?
1393
Calculate the remainder when 1353513 is divided by 1000.
513
What is the remainder when 73528223 is divided by 1421?
1420
Calculate the remainder when 25817867 is divided by 314852.
3
What is the remainder when 187623048 is divided by 170?
168
Calculate the remainder when 5559299 is divided by 10489.
129
Calculate the remainder when 327471 is divided by 625.
596
Calculate the remainder when 483251 is divided by 957.
923
What is the remainder when 15506668 is divided by 719?
714
Calculate the remainder when 810193 is divided by 269996.
205
Calculate the remainder when 2581688 is divided by 3442.
188
What is the remainder when 113129856 is divided by 9427485?
36
Calculate the remainder when 5769717 is divided by 660.
657
Calculate the remainder when 177513 is divided by 88723.
67
Calculate the remainder when 195948 is divided by 4212.
2196
What is the remainder when 1187797 is divided by 927?
310
What is the remainder when 31569 is divided by 832?
785
Calculate the remainder when 2907826 is divided by 116306.
176
Calculate the remainder when 26992225 is divided by 321336.
1
What is the remainder when 59110586 is divided by 29555289?
8
Calculate the remainder when 18241255 is divided by 6080400.
55
What is the remainder when 98465939 is divided by 309?
308
What is the remainder when 17959037 is divided by 102?
101
Calculate the remainder when 1400115 is divided by 2154.
15
Calculate the remainder when 11385202 is divided by 268.
26
Calculate the remainder when 8489389 is divided by 2122213.
537
What is the remainder when 684584 is divided by 813?
38
What is the remainder when 24129535 is divided by 1011?
1009
Calculate the remainder when 10417 is divided by 1987.
482
Calculate the remainder when 14777537 is divided by 1343409.
38
Calculate the remainder when 634175 is divided by 977.
102
What is the remainder when 12341 is divided by 2406?
311
What is the remainder when 67096 is divided by 4720?
1016
What is the remainder when 1420420 is divided by 834?
118
What is the remainder when 218514 is divided by 24175?
939
What is the remainder when 146075611 is divided by 3039?
3037
What is the remainder when 1938950 is divided by 46165?
20
Calculate the remainder when 242357 is divided by 969.
107
Calculate the remainder when 616003 is divided by 102643.
145
What is the remainder when 19869030 is divided by 23?
20
What is the remainder when 34405 is divided by 34193?
212
Calculate the remainder when 1895382 is divided by 1895143.
239
Calculate the remainder when 64871887 is divided by 23.
19
What is the remainder when 33403409 is divided by 352?
17
What is the remainder when 159276576 is divided by 116?
108
What is the remainder when 28810741 is divided by 157?
142
Calculate the remainder when 61589139 is divided by 8798447.
10
Calculate the remainder when 16510 is divided by 7457.
1596
What is the remainder when 1200763 is divided by 1075?
1063
What is the remainder when 165241229 is divided by 1858?
1857
What is the remainder when 188114 is divided by 1920?
1874
What is the remainder when 3778456 is divided by 222173?
1515
Calculate the remainder when 6560798 is divided by 85205.
13
What is the remainder when 1166144 is divided by 17939?
109
What is the remainder when 2539531 is divided by 423251?
25
What is the remainder when 754965 is divided by 84?
57
Calculate the remainder when 15229639 is divided by 363.
337
What is the remainder when 1189946 is divided by 40?
26
Calculate the remainder when 103372050 is divided by 16574.
12
What is the remainder when 830724 is divided by 6390?
24
What is the remainder when 223101 is divided by 58?
33
Calculate the remainder when 12638450 is divided by 908.
906
Calculate the remainder when 69780 is divided by 17445.
0
What is the remainder when 7452189 is divided by 1871?
1867
Calculate the remainder when 7297122 is divided by 740.
722
What is the remainder when 2275392 is divided by 186?
54
What is the remainder when 121654 is divided by 424?
390
Calculate the remainder when 128360 is divided by 4570.
400
What is the remainder when 1385898 is divided by 62990?
118
Calculate the remainder when 72836 is divided by 23786.
1478
What is the remainder when 8807 is divided by 1826?
1503
What is the remainder when 158751 is divided by 3408?
1983
Calculate the remainder when 211642814 is divided by 11.
9
What is the remainder when 4138493 is divided by 1620?
1013
Calculate the remainder when 19078 is divided by 1177.
246
What is the remainder when 6363499 is divided by 2225?
2224
What is the remainder when 31591092 is divided by 966?
960
What is the remainder when 601885689 is divided by 319?
317
Calculate the remainder when 64301 is divided by 2411.
1615
What is the remain